hat is h(o)?
-2
Let f(d) = -d**2 + 6*d - 6. Let q be f(3). Let p(b) = 4*b + 53 - 40 + b**3 + b**2 - q*b. Give p(0).
13
Let z = 5 + -6. Let u be (z - -2 - -1) + 3. Let t(k) = -k**3 - u + 0 - k + 4 - 2*k**2. Calculate t(-2).
1
Let n(h) be the first derivative of h**4/4 - h**2/2 + 4*h - 6. Let c be (0/(2 - 1))/1. Determine n(c).
4
Suppose 5*i + 3*q = -30, -i - 4 = 2*q + 9. Let u(w) = w**3 - w**2 + w - 7. Let r(o) = 2*o**3 - o**2 + 2*o - 13. Let l(v) = 4*r(v) - 7*u(v). Give l(i).
-6
Let q(g) be the third derivative of g**4/12 + g**3 - 2*g**2. Determine q(-5).
-4
Let b(o) = o**2 - 2. Let l be b(2). Let s(u) = -u**3 + 8*u**2 - 7*u + 2. Let w(p) = 4*p**3 - 33*p**2 + 29*p - 8. Let v(g) = l*w(g) + 9*s(g). Give v(5).
2
Let s(u) be the third derivative of 0 + u**2 + 1/120*u**6 + 1/4*u**4 - 7/6*u**3 - 1/10*u**5 + 0*u. Calculate s(5).
-2
Suppose 12 = u + 10. Let r(b) = -2*b**3 + b**2 + b + 1. Determine r(u).
-9
Let c(n) = 4*n - 1. Let q(x) = 7*x - 1. Let u(m) = -5*c(m) + 3*q(m). Calculate u(3).
5
Let w(g) = 6*g + 3. Let b(q) be the second derivative of -q**3/3 - q**2/2 + 2*q. Let c(s) = -7*b(s) - 2*w(s). Let u be 0/(-2) - (1 + 0). What is c(u)?
-1
Let p = -18 + 18. Let y(h) = -h + 3 - 2*h + p*h + h**2. Calculate y(4).
7
Let i(h) = h**2 - 3*h + 3. Let g(o) be the second derivative of o**4/12 - o**3/3 + o**2 + 4*o. Let v(k) = -3*g(k) + 4*i(k). Give v(4).
-2
Let d(o) be the first derivative of 1/4*o**4 - o - 8 - 4/3*o**3 + o**2. Let q be (-2)/((-2)/(-6)*-2). Give d(q).
-4
Suppose 2*x - 19 = 3*f, -4*f + 5*f = 4*x - 13. Suppose -3*t - 2 = -11. Let z(h) = -h**2 + h**t + 2 - 6*h + 3*h + 0*h. Give z(x).
0
Let l(a) = -8*a + 5*a + 2*a + 10. Determine l(14).
-4
Let v(z) = 6*z**3. Suppose -23 = -5*t - 28. Give v(t).
-6
Let w(i) = -i**2 + 5*i + 4. Let f be w(5). Let c(a) = 0 - a**2 - f + 6. Suppose 5*x - 21 = -2*p, 2*p + 17 + 2 = 3*x. Give c(p).
-2
Suppose k - 3 = 2*d, 2*k - 5*d = -7*d + 24. Let a(c) = -c - 6. Calculate a(k).
-15
Let q(j) = -5*j + 17. Let t(y) = -y + 4. Let f(l) = -2*q(l) + 9*t(l). Give f(6).
8
Let a = -18 + 10. Let z be (-1)/2 + (-12)/a. Let d be (-2 - (2 + -1))/z. Let t(q) = q**2 + q - 4. Determine t(d).
2
Suppose 15 = a + 4*a. Let y(b) = -6*b - 1 - 6 + b**a - 3*b**2 - 2*b**2 + 1. Let q be (9/2 + -3)*4. Calculate y(q).
-6
Let l be (-26)/4 - 10/(-20). Let i(z) = -2*z - 7. What is i(l)?
5
Let n(p) be the first derivative of -p**4/4 - 4*p**3/3 + 5*p**2/2 - p - 11. Determine n(-5).
-1
Let c(r) = 15*r**2 - 16*r - 21. Let f(g) be the second derivative of g**4/4 - g**3/2 - 2*g**2 + g. Let y(t) = 2*c(t) - 11*f(t). What is y(-2)?
-12
Suppose -2*b - 10 = -i, 0*b - 2*b = 8. Let z(n) = -i*n - 3*n + 1 + n. Let k be 4/6*(-3)/(-2). Give z(k).
-3
Let s(c) = 7*c**3 + c**2 + 5*c + 1. Let d(r) = -8*r**3 - 6*r - 2. Let j(g) = 6*d(g) + 7*s(g). Let m = 2 + -9. Give j(m).
2
Let c(o) = -7*o**2 - 4*o. Let t(v) = 4*v**2 + 2*v. Let k(r) = -3*c(r) - 5*t(r). Give k(-4).
8
Let x(j) = j**2 - j + 1. Let g(v) = -v**3 - 8*v**2 - 2*v + 1. Let y(d) = -g(d) - 3*x(d). Calculate y(-5).
-29
Let o(q) = q**3 + 4*q**2 - 4. Suppose -12 = 4*l + 2*g - 4, 4*l = -4*g - 4. What is o(l)?
5
Let u = -4 + 4. Let z(t) = t**3 + t - 3 - 1 - 6. Determine z(u).
-10
Let j(y) be the second derivative of 5*y**4/4 + y**3/3 - y**2/2 + 8*y - 3. What is j(1)?
16
Let n(u) be the first derivative of u**2/2 - 3*u - 11. Calculate n(3).
0
Let m be (-9)/2 - (-2)/4. Let u(y) = -y**2 - y. Let r(i) = -i**3 + 3*i**2 + 12*i + 4. Let s(j) = r(j) + 6*u(j). Give s(m).
-4
Let k(n) = -n**2 + n - 1. Let v(t) = -t**3 + 12*t**2 - 12*t + 4. Let w(x) = 5*k(x) + v(x). Let z(y) = -16*y + 70. Let u be z(4). Give w(u).
-7
Let z(n) = -n**3 + 13 - 4*n + 2*n**3 - 14 - n**2. Let d be (-1 - -4)*(8 + -7). Determine z(d).
5
Suppose -3*z = -4*d + d - 33, -3*d - 41 = z. Let j = d + 10. Let w(v) = -2*v**2 - v + 3. Determine w(j).
-12
Let f(z) = 14*z**3 + z + 7. Let n(h) = -21*h**3 - 2*h - 11. Let p(k) = 8*f(k) + 5*n(k). Suppose -3 = -c - 2. Give p(c).
6
Let m be ((-5)/10)/(2/(-8)). Suppose 3 = -m*c + 3*c. Let x(a) = -2 - a**2 + 2*a - 1 + 0*a**2. What is x(c)?
-6
Let f(l) = l**2 + l - 11. Suppose 2 = 8*m + 2. Determine f(m).
-11
Let n = -1 + 2. Let j be -1 + 3 + (n - 1). Let m(r) be the third derivative of -r**5/60 + r**4/6 - 20*r**2. Determine m(j).
4
Let o(r) = 2*r + 7. Let z be -2*(4 - (-3 + 5)) - 2. Calculate o(z).
-5
Let r(l) = -l**3 - 5*l**2 + 6*l - 6. Let p = 7 + -13. Calculate r(p).
-6
Let d be 8 + -3 + 1 + 0. Suppose 4*q = -14 - d. Let b(p) = -2 + 2*p**3 + 5*p**2 - p**3 - 1 + p. Determine b(q).
-8
Let m be (-9)/(-6)*(-8)/(-12). Let q(d) be the second derivative of -1/6*d**3 + 0 + d + 0*d**2 + 5/12*d**4. What is q(m)?
4
Let v = 1 - -4. Let k(p) = 48 - 48 - p**2 - p. Let h(i) = -5*i**2 + 3*i - 5. Let f(s) = h(s) - 4*k(s). Calculate f(v).
5
Let v be 5*((-14)/10 - -2). Suppose v*b = -3*f, 3*f - 3 = -5*b - f. Let x(p) = p - 4*p**2 + 0*p + b*p**2. What is x(2)?
-2
Let k(m) = m**3 + 5*m**2 + 0 + 3 - 7*m - 1. What is k(-6)?
8
Let j(u) = u**3 + u. Let x(w) = w**2 + 6*w - 5. Let d be x(-7). Calculate j(d).
10
Let k(s) = 1 - 3*s**3 - 2*s + 0 - 2. Give k(-1).
4
Let x(j) be the first derivative of -j**2/2 + 8*j - 1. Suppose n - 96 = -3*n + 4*d, -5*d - 100 = -4*n. Suppose c - n = -3*c. What is x(c)?
3
Let q = 9 + -5. Let o(z) = -3 - 4*z - 3*z + q*z + z**2. Let b = -1 + 4. What is o(b)?
-3
Let k be 2 - (1 - 1 - 0). Suppose 0 = -0*z + k*z + 2. Let m(i) = 6*i**2 + 3*i + 6. Let t(p) = p**2 + 1. Let a(c) = z*m(c) + 5*t(c). What is a(-2)?
1
Let q(m) = 3*m - 2. Let b be q(2). Let c(x) be the first derivative of x**3/3 - 2*x**2 - 2*x + 17. What is c(b)?
-2
Let z(f) = f**3 - 4*f**2 - 4*f - 7. Suppose v - 6 = -2*v. Let j(m) = 0 - m + 5*m - m - 1. Let d be j(v). What is z(d)?
-2
Let r(y) = y**3 - y**2 - y - 1. Let v(n) = -n**3 + 4*n**2 + n + 5. Let p(s) = 2*r(s) + v(s). What is p(-3)?
-3
Let p(n) = 3*n + 9. Suppose 0 = -5*w + x - 16, -20 = -w + 2*w + 4*x. Let k be p(w). Let u(b) = 1. Let f(h) = -h - 4. Let q(v) = -f(v) - u(v). What is q(k)?
0
Let m(h) = h**3 + 4*h**2 - h + 5. Let x(s) = -32*s. Let u be x(-1). Suppose 7*k = 3*k + u. Let f(i) = i**3 - 9*i**2 + 7*i + 4. Let w be f(k). Give m(w).
9
Let x(v) = -v - 5. Let g be x(-7). Let m(w) = 1 + 1 + g*w + w**2 + 2*w. Let b be (12/15)/((-1)/5). Determine m(b).
2
Let d(o) = -4*o**3 + 8*o**2 + 9. Let p(t) = 9*t**3 - 17*t**2 - 19. Let b(g) = 7*d(g) + 3*p(g). What is b(5)?
6
Let b(g) = -g - 2. Let y = 5 + 2. Suppose -y = j - 3. Calculate b(j).
2
Let a(l) = 3*l + 11. Let m(u) = -u - 4. Let h be 4/((-4)/1) + 12. Let y(x) = h*m(x) + 4*a(x). Determine y(5).
5
Suppose 3*o + t + 4 = 0, 4*o + t = -0*t - 5. Let x(f) = 2*f**3 + 6*f**2 + 0*f**2 + f + 0*f**3 - 4*f**2. Determine x(o).
-1
Let a(s) = -s**2 + 5*s + 7. Let h be (-1)/(-2 + (-15)/(-6)). Let y be (h/2)/(2/(-10)). Calculate a(y).
7
Let s(r) = 6*r - 2. Let d be s(2). Let w = d + -6. Let f(u) = 4*u - 5. What is f(w)?
11
Let n(s) = -s**2 - 5*s + 3. Let w be n(-5). Let l(o) = -o**3 - 8*o**2 + 9*o + 3. Let t be l(-9). Let x(v) = t*v + 0*v - 5 + 3. Give x(w).
7
Let z(m) = 2 + 1 - 1 + 4*m. Let o(u) = -u**3 + 6*u**2 - 6*u + 7. Let a be ((-5)/(-4))/((-1)/(-4)). Let b be o(a). Calculate z(b).
10
Let j(q) = 2 + 2 + 8*q - 12*q**2 + 9*q**2 + 2*q**2. Calculate j(7).
11
Let a(w) = w**3 - 6*w**2 + 6*w - 3. Suppose 0 = 2*t - 4 - 4. Give a(t).
-11
Let h(m) = m - 1. Let s(v) = -v + 4. Let w(q) = 2*h(q) + s(q). What is w(-4)?
-2
Let t(v) = -6*v**2 + 2*v - 1. Let u be t(1). Let x(a) be the first derivative of a**3/3 + 7*a**2/2 + 4*a - 1. Calculate x(u).
-6
Let q(o) = 8 - 17 + 3*o + 9. Determine q(2).
6
Let a(j) be the third derivative of -j**4/24 + 2*j**3 + 10*j**2. What is a(9)?
3
Suppose 4*l = -5*u + 25, 0 = -2*u + 2*l + 3*l - 23. Let d(s) = -u - s**3 - 6 + 0 + s + 0*s. Give d(0).
-7
Let d(h) = h**2 - 4*h + 3. Suppose -69*g + 74*g = 25. Give d(g).
8
Let c = -32 + 37. Let t(o) be the third derivative of o**5/60 - 5*o**4/24 - o**3 - o**2. Calculate t(c).
-6
Suppose 3*b = -b. Suppose -r - 2*r + 3 = b. Let o(w) = -w**2. Calculate o(r).
-1
Let c be 8/(-2) + 0/2. Let h(x) = -x**3 - 3*x**2 + 4*x - 4. Let y be h(c). Let g(t) = 3*t + 3. What is g(y)?
-9
Let s(b) be the first derivative of b**3/3 - b**2/2 - 5*b - 8. What is s(0)?
-5
Let y(j) = -j - 6. Suppose 16 = -5*q - 9, -2*o = -2*q. Let x be (3